)?
2, 7
Suppose -2*l = -i - 3*i + 36, 2*l = -4*i + 36. Suppose -7*p + i = -4*p. Suppose p*t - 48 = 27. List the prime factors of t.
5
Let f(x) = -30*x - 54. Let b be (1*-4 - -1) + 5 + -8. List the prime factors of f(b).
2, 3, 7
Let l(m) = 1 + 3*m - 24*m + m**2 + 4. Let p be l(21). Suppose p*x - 73 = -13. List the prime factors of x.
2, 3
Let t(a) = 115*a - 280. List the prime factors of t(8).
2, 5
Let m = 110 + -71. Suppose 5*v = -t + 461, -2*v - 3*t + 148 = -m. List the prime factors of v.
2, 23
Suppose -10*t + 467 = -863. List the prime factors of t.
7, 19
Let i = 656 + -304. List the prime factors of i.
2, 11
Let j(a) = -20*a + 89. What are the prime factors of j(-23)?
3, 61
Let z be (9/(-3) + 1)*-2. What are the prime factors of 351/z - 3/(-12)?
2, 11
Suppose -5*i = 5, -4*t + i = -3*i - 960. List the prime factors of t.
239
Suppose 0 = -t - 2*s + 3*s + 62, 0 = 2*t - s - 122. What are the prime factors of t?
2, 3, 5
Let b be (26 - 4)*2 - 5. Suppose -38*j + b*j = 10. What are the prime factors of j?
2, 5
Let r = -673 + 2389. List the prime factors of r.
2, 3, 11, 13
Let p be ((-299)/69)/((-1)/(-3)). Let i = p + 36. What are the prime factors of i?
23
Let k be (0/3)/(-2) + 16. Suppose 4*s + 3 = 3*f + k, -2*s + 11 = 3*f. What are the prime factors of s + ((-16)/4 - -2)?
2
Suppose u - i + 71 = 0, 4*i - 187 = 5*u + 170. Let r = u + 199. Suppose -5*q + r = -49. List the prime factors of q.
5, 7
Let g(m) = -m**3 + 25*m**2 - 35*m - 29. List the prime factors of g(22).
653
Suppose 0*d = -5*g - 3*d + 2288, 0 = 5*g - 2*d - 2283. Suppose -4*b - n + 521 = -g, b = 5*n + 234. What are the prime factors of b?
2, 61
Let j(b) = 6*b**2 - 14*b - 37. Let h(x) = -2*x**3 - 13*x**2 - 4*x + 6. Let f be h(-6). List the prime factors of j(f).
263
Suppose 3*q = -2*h + 29, -5*q + 2*h + 39 = 3*h. Let t be (1 - 1)*q/(-14). Suppose w + w - 32 = t. What are the prime factors of w?
2
Suppose -f - 4*f + 20 = 0. Let r = 5 - f. List the prime factors of 0 + r + 56/2.
29
Let w be 63/18*5/(35/92). Let b = w - -265. What are the prime factors of b?
311
Let h(q) = q**3 - 9*q**2 + 11*q - 11. Let p be h(8). List the prime factors of 1/((-4)/38)*(-78)/p.
3, 19
Let d(z) = -1 + 5 + 8 + 4*z + 0. What are the prime factors of d(9)?
2, 3
Let l(x) be the first derivative of -21*x**2/2 - 26*x + 39. What are the prime factors of l(-13)?
13, 19
Let q be -1*(-20)/(-8)*-2. Suppose -3*h + 5*j = -48 - 19, -3*j = -q*h + 101. List the prime factors of h.
19
Let u be ((-84)/(-49))/(9/42). What are the prime factors of 3 + u/((-24)/(-549))?
2, 3, 31
Let c be ((-312)/20*-1)/(3/(-10)). Let a = -39 - c. List the prime factors of a.
13
Let y = -313 - -1334. List the prime factors of y.
1021
Let l be 2/(-5) + 846/(-10). Let u be (-20)/15 + l/(-3). List the prime factors of (6 + -8)/((-6)/u).
3
Let h(i) = 26*i - 355. List the prime factors of h(38).
3, 211
Let r(a) = -a**2 - 8*a - 9. Suppose -36 = 10*w - 4*w. Let k be r(w). Suppose 2*j + 2*j - 121 = 3*v, -k*j - 3*v + 117 = 0. What are the prime factors of j?
2, 17
Let u(b) be the second derivative of b**4/12 - 3*b**2 - 9*b. Let d(m) be the first derivative of u(m). List the prime factors of d(7).
2, 7
Let l be (-420)/(-110) - 4/(-22). Suppose -u + 4 = -3*k + 13, 7 = 2*k - u. Suppose -4*f + l*z = -96, -3*f - k*z = z - 78. What are the prime factors of f?
5
Suppose 4*w - 16 + 0 = 0. Suppose 2*b - 27 - 41 = -t, 272 = w*t - 3*b. What are the prime factors of t?
2, 17
Suppose 2*p - p = 0. Suppose p*s + 2*s - 170 = 0. What are the prime factors of s?
5, 17
Suppose 6*q + 3648 = 14676. List the prime factors of q.
2, 919
Suppose r - 4*f = -69, r + 3*f - 148 = 3*r. Let u = r + 180. What are the prime factors of u?
103
Let t = -1082 + 2148. What are the prime factors of t?
2, 13, 41
Suppose -3*c - 52 = -f, -5*f + c + 34 = -184. Let a = f + -15. What are the prime factors of a?
2, 7
Let i = 431 - 255. Suppose 4*u = 8*u - i. What are the prime factors of u?
2, 11
Let v(t) = t**2 + 31*t - 108. What are the prime factors of v(19)?
2, 421
Let j(w) = 4*w**2 + 15*w + 24. List the prime factors of j(-10).
2, 137
Suppose 4 = h + 4*t + 20, 0 = 2*h - 5*t - 33. Suppose -5*a = -h*w + 574, -2*a - 2 = 5*w - 703. What are the prime factors of w?
3, 47
Suppose 2114 = 63*f - 61*f. List the prime factors of f.
7, 151
Let f = 30 - 29. Suppose -f = -4*x + 31. What are the prime factors of x?
2
Suppose -44*z + 36*z + 2712 = 0. What are the prime factors of z?
3, 113
Suppose u - 3*c + 5 = 2, -c - 4 = -2*u. Let k be u/(-2)*(-12)/(-6). List the prime factors of 3*248/(-36)*k.
2, 31
Suppose -2871 = -3*b - 324. List the prime factors of b.
3, 283
Suppose -3*y = 3*j - 1095, 2*j + 3*j = y - 353. What are the prime factors of y?
3, 11
What are the prime factors of 1195 + (-1 - 0) + 0/78?
2, 3, 199
Let d(s) be the third derivative of s**5/15 - s**4/24 - s**3/2 - 5*s**2. List the prime factors of d(-4).
5, 13
Suppose -152 = -3*v + 2*z, 0*z - 2*z = v - 64. What are the prime factors of 1392/v + (-2)/(-9)?
2, 13
Let r = 3170 + -510. What are the prime factors of r?
2, 5, 7, 19
Suppose 2*f = -5*w + 1860, -4*f + 5*f - 2*w = 912. Suppose 0 = -20*r + 25*r - f. List the prime factors of r.
2, 23
What are the prime factors of (2 + 3 + 52/(-8))*-2626?
3, 13, 101
Suppose -1633 - 2939 = -12*l. List the prime factors of l.
3, 127
Suppose -5*i = -3*g + 5*g - 7, g = 3*i - 2. Let o(j) = -3 - j + 3*j - 2 - g. List the prime factors of o(6).
2, 3
Let q(x) = -10*x + 24. Let p be q(-10). Suppose -27*c - p = -28*c. What are the prime factors of c?
2, 31
What are the prime factors of ((56 - 2) + -1)*13?
13, 53
Suppose 4*j + 3*u = -u - 36, -4*j + 3*u = 15. Let n(i) = -i**3 - 4*i**2 - 5*i - 2. Let d be n(j). List the prime factors of d/6 - (-3)/9.
17
Suppose -259*p - 826 = -261*p. What are the prime factors of p?
7, 59
List the prime factors of -3*(32/120)/(1/(-2590)).
2, 7, 37
Let q = -6 + 6. Suppose -27 = -3*i - q*i. What are the prime factors of -3*(-3)/i - -27?
2, 7
Let q = 245 + -359. Let l be (-3 + 16/6)*q. Let f = l + -21. List the prime factors of f.
17
Let h(r) = -8*r + 8. Let n be 2 - (1 - (-3 + 0)). List the prime factors of h(n).
2, 3
Let u(t) = 9*t**2 + 9*t + 6. What are the prime factors of u(-17)?
2, 3, 409
Let l(u) = 17*u - 3. Let z be l(3). Suppose 2*d - z = -0*d. Suppose t = 4*t - d. What are the prime factors of t?
2
Let o(f) = 11*f**3 - 5*f**2 - 2*f + 5. List the prime factors of o(6).
11, 199
Let n = -3 + 8. Suppose -n*u + 50 = -0*u. Suppose -2*g - u = 0, -2*x + 59 = -x - 5*g. What are the prime factors of x?
2, 17
Suppose 0 = 5*z - 2*z - 36. Suppose 8*o - 3*o - y = -93, -2*y = o + z. Let g = 35 + o. List the prime factors of g.
17
Let f = 190 + 1039. What are the prime factors of f?
1229
Let a(j) = j**3 - 4*j**2 + j - 2. Let n be a(3). Let x be (212/n)/((-3)/6). Suppose -q + 46 + 23 = 5*b, -3*q - x = -5*b. What are the prime factors of b?
13
Suppose 8 = -3*j - 7. Let q = j - -7. Suppose -6*t + q*t = -f + 52, -4*f + 3*t + 182 = 0. What are the prime factors of f?
2, 11
Suppose 0 = 29*w + 50*w - 290404. What are the prime factors of w?
2, 919
Let u = 18 + -22. Let r = 5 + u. Let o(y) = 29*y**2 + y. List the prime factors of o(r).
2, 3, 5
Let i = -56 - -107. What are the prime factors of i - (-4 + 0 + 4)?
3, 17
Let f(v) = 13*v + 61. Let c(o) = 3*o + 15. Let t(g) = 9*c(g) - 2*f(g). Let k be t(-8). Suppose 3*x = k*x - 86. List the prime factors of x.
43
Let j(x) = x + 1. Let z(m) = 3*m + 5. Let r(u) = -4*j(u) + z(u). Let k be r(1). Suppose -5*t + 91 + 39 = k. List the prime factors of t.
2, 13
Suppose -2*z - 12 + 0 = -2*h, -2*h = 5*z + 9. Suppose p + 4*i - 124 = 8*i, 4*p + h*i = 534. List the prime factors of p.
2, 3, 11
Let m = -19 - -22. Suppose 133 = m*l + 2*z, 0 = -3*l + l - 2*z + 90. Let w = -20 + l. What are the prime factors of w?
23
Suppose 579 = 3*u - 2*o, -5*o = 4 - 19. List the prime factors of u.
3, 5, 13
Suppose 318 = -2*q - 4*r, -3*q + r - 497 = 3*r. Let i = q + 276. List the prime factors of i.
107
Suppose 5*d - 3*g = -49, -3*d = 5*g + 14 + 29. Let i = d - -14. Suppose i*l - 136 = 2*t, 4*l + 5*t - 3*t - 158 = 0. What are the prime factors of l?
2, 3, 7
Suppose -5*v = -4*g - 9141, 3*v = v + g + 3654. Suppose -4*s + v = 4401. List the prime factors of s/(-21) + (-1)/(-3).
31
Suppose 31